21 - -12?
-140040104
In base 14, what is -2 - -537d066?
537d064
In base 4, what is -112300 + 12303000?
12130100
In base 10, what is 12791383 - -3?
12791386
In base 3, what is 21102 - -1121220001000?
1121220022102
In base 10, what is 10394 + 10203?
20597
In base 13, what is 31a3c6 - -a3?
31a499
In base 8, what is 10335 + 13173?
23530
In base 10, what is -5 + -28126287?
-28126292
In base 13, what is 141 + 2b3546?
2b3687
In base 7, what is 13221546 + 10?
13221556
In base 16, what is -19 - 92c033?
-92c04c
In base 14, what is -144a4127 - 2?
-144a4129
In base 2, what is -101 + 1010000101110110100?
1010000101110101111
In base 16, what is 350 - -636?
986
In base 14, what is -2339 - 14?
-234d
In base 4, what is 220232010120 - -3?
220232010123
In base 10, what is 21 - -587688?
587709
In base 3, what is 1122101121 + -20220?
1122010201
In base 7, what is 36 - -520212454?
520212523
In base 6, what is 1123250001 - -1?
1123250002
In base 15, what is -3a2 + 1a12?
1660
In base 9, what is 274500 - 3847?
270542
In base 7, what is 5013660 + -10?
5013650
In base 15, what is 11cb03e - -3?
11cb042
In base 3, what is 1211020210111120 + 10?
1211020210111200
In base 13, what is 538a3 - -403?
53ca6
In base 13, what is -3 + -60071b7?
-60071ba
In base 9, what is 0 - -3038182?
3038182
In base 9, what is 503 + -886111?
-885507
In base 11, what is -3402978 + -3?
-3402980
In base 10, what is -5 - 16307708?
-16307713
In base 9, what is -5 + -22853151?
-22853156
In base 4, what is 2 - -31221022122?
31221022130
In base 15, what is -378d - 49?
-37d7
In base 11, what is -3172806 + 3?
-3172803
In base 5, what is 40203 - -22222?
112430
In base 10, what is 657853987 - 0?
657853987
In base 7, what is 1 - -2316562244?
2316562245
In base 4, what is 33 + 221112313?
221113012
In base 6, what is -15114 + 155542?
140424
In base 16, what is -1380 + 5812?
4492
In base 12, what is 33798543 - 0?
33798543
In base 16, what is 7 - -5ddd9b?
5ddda2
In base 7, what is -421 + -22246133?
-22246554
In base 11, what is 2a65a + -3a?
2a620
In base 6, what is -2034012 + 3004?
-2031004
In base 12, what is 3a17 + 259?
4074
In base 7, what is -1324326 + 2?
-1324324
In base 2, what is 111010100110001110000000110 - -100?
111010100110001110000001010
In base 10, what is -76776413 - -3?
-76776410
In base 10, what is -5 - 1396035?
-1396040
In base 6, what is 4 + -11045223404?
-11045223400
In base 13, what is -2cbb1 - -269?
-2c945
In base 2, what is -101010110011011111 + -1011100?
-101010110100111011
In base 7, what is 146 + -254331?
-254152
In base 16, what is -6d1d + 33?
-6cea
In base 8, what is 57611212 + -63?
57611127
In base 12, what is -11b3436 + 3?
-11b3433
In base 12, what is -46467098 + 0?
-46467098
In base 9, what is -71 - 835736?
-835817
In base 10, what is 2556730 + -11?
2556719
In base 8, what is 277 - 4242303?
-4242004
In base 14, what is -2 + -312d22b?
-312d22d
In base 16, what is 3c3f69 + 8?
3c3f71
In base 16, what is 20 + 25c3e4?
25c404
In base 6, what is -5 + -2004131353?
-2004131402
In base 3, what is -22110 - 201010212022?
-201011011202
In base 11, what is -2 + -594a3424?
-594a3426
In base 12, what is -53 + 1984063?
1984010
In base 14, what is -244719d6 - 4?
-244719da
In base 10, what is 1503154251 - 1?
1503154250
In base 6, what is 2 - 104304504?
-104304502
In base 4, what is 12113032113200 - -11?
12113032113211
In base 3, what is -10002 - 10012011100?
-10012021102
In base 7, what is -5 - 123031422?
-123031430
In base 10, what is -925 + 5664?
4739
In base 7, what is 524111226 - -2?
524111231
In base 15, what is -2 - -1109a38?
1109a36
In base 10, what is -33933 - 3376?
-37309
In base 12, what is 2537074 - -10?
2537084
In base 3, what is 100201221112 + -112?
100201221000
In base 7, what is 3643560 - -1152?
3645042
In base 2, what is -100011110101111111000000010 - -1?
-100011110101111111000000001
In base 6, what is 1303301 - -120?
1303421
In base 7, what is 11155 - -12202?
23360
In base 7, what is -602112345 + 1?
-602112344
In base 12, what is -ba7731b + -3?
-ba77322
In base 13, what is 17 + 59b78?
59b92
In base 10, what is 2 - 14457125?
-14457123
In base 6, what is -5 + 5324131105?
5324131100
In base 9, what is -5 + -38455101?
-38455106
In base 11, what is -872 + 3836a?
375a8
In base 3, what is 1102001110002 + -1001012?
1102000101220
In base 15, what is 2 + -40cc5a?
-40cc58
In base 13, what is 181c4a + -25?
181c25
In base 9, what is -80218 - -2451?
-76657
In base 16, what is ee + 18a03?
18af1
In base 5, what is -3004401412 + -12?
-3004401424
In base 2, what is -101110011100 + -111111100111?
-1101110000011
In base 9, what is -1 + 17525282?
17525281
In base 8, what is 62534444 + 15?
62534461
In base 15, what is -2260 - -17d?
-20d2
In base 3, what is -210 - -1211220220002?
1211220212022
In base 2, what is 10011101 + 10000111111?
10011011100
In base 13, what is 3 - 1748c5ac?
-1748c5a9
In base 4, what is 1012322121300211 + -11?
1012322121300200
In base 2, what is -101011011 - -11110001011010001001?
11110001010100101110
In base 12, what is -2a02152 + -5?
-2a02157
In base 10, what is -3 + 3453879?
3453876
In base 6, what is -54 - -1453552?
1453454
In base 10, what is -121341 - -705?
-120636
In base 12, what is 1 + 9187a?
9187b
In base 4, what is -2131223301 - -1?
-2131223300
In base 14, what is 69d5857c + -5?
69d58577
In base 7, what is -1205251 - -101?
-1205150
In base 10, what is 12 + 2793863?
2793875
In base 2, what is -10 - 110101001111010011001000?
-110101001111010011001010
In base 2, what is -1 + 1100011100010100101100010100?
1100011100010100101100010011
In base 3, what is -201 + -1002120010220?
-1002120011121
In base 15, what is -7 + 1c1b15?
1c1b0d
In base 14, what is -13415955 - 3?
-13415958
In base 9, what is -8221 - -1780?
-6331
In base 6, what is -312313 - -3052?
-305221
In base 5, what is 32 + -30140422?
-30140340
In base 7, what is -5 - 522114346?
-522114354
In base 11, what is 81504 + -3769?
78846
In base 9, what is 1300611 - 8?
1300602
In base 7, what is -101363321 + 5?
-101363313
In base 11, what is 6 - 32474969?
-32474963
In base 4, what is -121302323112211 + 10?
-121302323112201
In base 15, what is 9057a61 - -2?
9057a63
In base 16, what is -1 - -3ccc4d0?
3ccc4cf
In base 2, what is -1100110100 - 10111101100001110000?
-10111101101110100100
In base 7, what is -222136 + 41424?
-150412
In base 13, what is 435 - c29?
-7c4
In base 2, what is -11110 - 111101110111?
-111110010101
In base 3, what is 21022100101 - -12001?
21022112102
In base 7, what is 1043 + -4223?
-3150
In base 11, what is 5 + -1a501a7?
-1a501a2
In base 8, what is -670465717 + 4?
-670465713
In base 3, what is -21121001 - -11022101?
-10021200
In base 6, what is -122535 - 1154?
-124133
In base 15, what is -85ed7 - -1a?
-85ebc
In base 2, what is -1100101101 - -11000101010111100?
11000011110001111
In base 10, what is 11 - -16559491?
16559502
In base 16, what is -a0fc6 + -7f?
-a1045
In base 7, what is -5 + -40525001?
-40525006
In base 16, what is 23d436 - -1a?
23d450
In base 7, what is 245412215 - -3?
245412221
In base 5, what is 114143 + -3440303?
-3321110
In base 16, what is -f31 - 1b751?
-1c682
In base 9, what is 7023 + 250?
7273
In base 6, what is -2 + 14150510115?
14150510113
In base 6, what is -1142325 - 23334?
-1210103
In base 8, what is 25 + -15023051?
-15023024
In base 16, what is 134 + 486?
5ba
In base 13, what is -34b16 - -a77?
-3406c
In base 3, what is 2122120021 + 122221?
2200020012
In base 13, what is 2176c2b + -3?
2176c28
In base 4, what is -1001 - -120130023?
120123022
In base 2, what is -11001111110111010110 - -101001?
-11001111110110101101
In base 16, what is 2b - -31aaae?
31aad9
In base 10, what is -188626 + 10?
-188616
In base 10, what is 52907 - 711?
52196
In base 3, what is 2000 + -1001220122121?
-1001220120121
In base 11, what is 0 - 58936a04?
-58936a04
In base 11, what is 656 + -2364?
-1809
In base 15, what is 5bb0b + 9?
5bb15
In base 9, what is 1753253 - -2555?
1755818
In base 15, what is 3 + -9e014d?
-9e014a
In base 15, what is 1 - -6eb87?
6eb88
In base 9, what is -280 - 125221?
-125511
In base 15, what is -5828 + 845d?
2b35
In base 6, what is 3423 + -10530251?
-10522424
In base 16, what is -7550c - -213?
-752f9
In base 6, what is -302554354 + -3?
-302554401
In base 11, what is 8 + 4426a1?
4426a9
In base